{"id":62327,"date":"2025-01-09T10:11:00","date_gmt":"2025-01-09T09:11:00","guid":{"rendered":"https:\/\/elemente-clemente.de\/?post_type=product&#038;p=62327"},"modified":"2026-04-29T20:48:08","modified_gmt":"2026-04-29T18:48:08","slug":"dress-niamey-fs25-c15d471-975","status":"publish","type":"product","link":"https:\/\/elemente-clemente.de\/en\/shop\/fruehjahr-sommer-2025\/kleid-rock\/dress-niamey-fs25-c15d471-975\/","title":{"rendered":"Kleid Niamey aus recycelter Mikrofaser"},"content":{"rendered":"<p class=\"p1\">Wickelkleid<\/p>\n<p>Kleiner Hemdkragen<br \/>Lange \u00c4rmel mit Manschette<br \/>Verschluss mit Bindeg\u00fcrtel<\/p>\n<p>Unser Modell ist 175 cm gro\u00df und tr\u00e4gt Gr\u00f6\u00dfe 1<\/p>\n","protected":false},"excerpt":{"rendered":"<p>Wickelkleid Kleiner HemdkragenLange \u00c4rmel mit ManschetteVerschluss mit Bindeg\u00fcrtel Unser Modell ist 175 cm gro\u00df und tr\u00e4gt Gr\u00f6\u00dfe 1<\/p>\n","protected":false},"featured_media":122302,"comment_status":"open","ping_status":"closed","template":"","meta":{"_acf_changed":false},"product_cat":[1083,1087],"product_tag":[1011],"class_list":{"0":"post-62327","1":"product","2":"type-product","3":"status-publish","4":"has-post-thumbnail","6":"product_cat-fruehjahr-sommer-2025","7":"product_cat-kleid-rock","8":"product_tag-polyamide","10":"first","11":"instock","12":"sale","13":"taxable","14":"shipping-taxable","15":"purchasable","16":"product-type-variable","17":"wvs-archive-product-wrapper"},"acf":[],"_links":{"self":[{"href":"https:\/\/elemente-clemente.de\/en\/wp-json\/wp\/v2\/product\/62327","targetHints":{"allow":["GET"]}}],"collection":[{"href":"https:\/\/elemente-clemente.de\/en\/wp-json\/wp\/v2\/product"}],"about":[{"href":"https:\/\/elemente-clemente.de\/en\/wp-json\/wp\/v2\/types\/product"}],"replies":[{"embeddable":true,"href":"https:\/\/elemente-clemente.de\/en\/wp-json\/wp\/v2\/comments?post=62327"}],"wp:featuredmedia":[{"embeddable":true,"href":"https:\/\/elemente-clemente.de\/en\/wp-json\/wp\/v2\/media\/122302"}],"wp:attachment":[{"href":"https:\/\/elemente-clemente.de\/en\/wp-json\/wp\/v2\/media?parent=62327"}],"wp:term":[{"taxonomy":"product_cat","embeddable":true,"href":"https:\/\/elemente-clemente.de\/en\/wp-json\/wp\/v2\/product_cat?post=62327"},{"taxonomy":"product_tag","embeddable":true,"href":"https:\/\/elemente-clemente.de\/en\/wp-json\/wp\/v2\/product_tag?post=62327"}],"curies":[{"name":"wp","href":"https:\/\/api.w.org\/{rel}","templated":true}]}}

<p class="p1">Wickelkleid</p>
<p>Kleiner Hemdkragen<br />Lange Ärmel mit Manschette<br />Verschluss mit Bindegürtel</p>
<p>Unser Modell ist 175 cm groß und trägt Größe 1</p>

<p>Wickelkleid Kleiner HemdkragenLange Ärmel mit ManschetteVerschluss mit Bindegürtel Unser Modell ist 175 cm groß und trägt Größe 1</p>
