{"id":59810,"date":"2024-07-25T18:37:55","date_gmt":"2024-07-25T16:37:55","guid":{"rendered":"https:\/\/elemente-clemente.de\/?post_type=product&#038;p=59810"},"modified":"2026-04-30T03:28:32","modified_gmt":"2026-04-30T01:28:32","slug":"rock-helke-mit-denim-digitaldruck","status":"publish","type":"product","link":"https:\/\/elemente-clemente.de\/en\/shop\/herbst-winter-2024\/kleid-rock-herbst-winter-2024\/rock-helke-mit-denim-digitaldruck\/","title":{"rendered":"ROCK HELKE MIT DENIM DIGITALDRUCK"},"content":{"rendered":"<p>O-f\u00f6rmiger, bequemer Rock in Midi-L\u00e4nge<\/p>\n<ul>\n<li>Breiter, elastischer Bund<\/li>\n<li>Dekorative Stoffeins\u00e4tze<\/li>\n<li>Optional zum Hochkrempeln<\/li>\n<li>Digitaldruck im Denim-Look mit nachhaltigen Farben auf Wasserbasis<\/li>\n<li>Unser Modell ist 176 cm gro\u00df und tr\u00e4gt Gr\u00f6\u00dfe 1<\/li>\n<\/ul>\n","protected":false},"excerpt":{"rendered":"<p>O-f\u00f6rmiger, bequemer Rock in Midi-L\u00e4nge Breiter, elastischer Bund Dekorative Stoffeins\u00e4tze Optional zum Hochkrempeln Digitaldruck im Denim-Look mit nachhaltigen Farben auf Wasserbasis Unser Modell ist 176 cm gro\u00df und tr\u00e4gt Gr\u00f6\u00dfe 1<\/p>\n","protected":false},"featured_media":61788,"comment_status":"closed","ping_status":"closed","template":"","meta":{"_acf_changed":false},"product_cat":[1045,1049],"product_tag":[1079],"class_list":{"0":"post-59810","1":"product","2":"type-product","3":"status-publish","4":"has-post-thumbnail","6":"product_cat-herbst-winter-2024","7":"product_cat-kleid-rock-herbst-winter-2024","8":"product_tag-recycelter-twill","10":"first","11":"outofstock","12":"sale","13":"taxable","14":"shipping-taxable","15":"purchasable","16":"product-type-variable","17":"wvs-archive-product-wrapper"},"acf":[],"_links":{"self":[{"href":"https:\/\/elemente-clemente.de\/en\/wp-json\/wp\/v2\/product\/59810","targetHints":{"allow":["GET"]}}],"collection":[{"href":"https:\/\/elemente-clemente.de\/en\/wp-json\/wp\/v2\/product"}],"about":[{"href":"https:\/\/elemente-clemente.de\/en\/wp-json\/wp\/v2\/types\/product"}],"replies":[{"embeddable":true,"href":"https:\/\/elemente-clemente.de\/en\/wp-json\/wp\/v2\/comments?post=59810"}],"wp:featuredmedia":[{"embeddable":true,"href":"https:\/\/elemente-clemente.de\/en\/wp-json\/wp\/v2\/media\/61788"}],"wp:attachment":[{"href":"https:\/\/elemente-clemente.de\/en\/wp-json\/wp\/v2\/media?parent=59810"}],"wp:term":[{"taxonomy":"product_cat","embeddable":true,"href":"https:\/\/elemente-clemente.de\/en\/wp-json\/wp\/v2\/product_cat?post=59810"},{"taxonomy":"product_tag","embeddable":true,"href":"https:\/\/elemente-clemente.de\/en\/wp-json\/wp\/v2\/product_tag?post=59810"}],"curies":[{"name":"wp","href":"https:\/\/api.w.org\/{rel}","templated":true}]}}

<p>O-förmiger, bequemer Rock in Midi-Länge</p>
<ul>
<li>Breiter, elastischer Bund</li>
<li>Dekorative Stoffeinsätze</li>
<li>Optional zum Hochkrempeln</li>
<li>Digitaldruck im Denim-Look mit nachhaltigen Farben auf Wasserbasis</li>
<li>Unser Modell ist 176 cm groß und trägt Größe 1</li>
</ul>

<p>O-förmiger, bequemer Rock in Midi-Länge Breiter, elastischer Bund Dekorative Stoffeinsätze Optional zum Hochkrempeln Digitaldruck im Denim-Look mit nachhaltigen Farben auf Wasserbasis Unser Modell ist 176 cm groß und trägt Größe 1</p>
