{"id":50509,"date":"2024-06-11T08:44:08","date_gmt":"2024-06-11T06:44:08","guid":{"rendered":"https:\/\/elemente-clemente.de\/?post_type=product&#038;p=50509"},"modified":"2026-04-30T03:26:49","modified_gmt":"2026-04-30T01:26:49","slug":"rock-gasita-aus-recycelter-mikrofaser","status":"publish","type":"product","link":"https:\/\/elemente-clemente.de\/en\/shop\/herbst-winter-2024\/kleid-rock-herbst-winter-2024\/rock-gasita-aus-recycelter-mikrofaser\/","title":{"rendered":"Rock Gasita aus recycelter Mikrofaser"},"content":{"rendered":"<p>Modischer Rock in Midi L\u00e4nge<\/p>\n<ul>\n<li>Pattentaschen an beiden Seiten<\/li>\n<li>Elastischer Bund<\/li>\n<li>Dekorative Teilungsn\u00e4hte<\/li>\n<li>Unser Modell ist 175 cm gro\u00df und tr\u00e4gt Gr\u00f6\u00dfe 1<\/li>\n<\/ul>\n","protected":false},"excerpt":{"rendered":"<p>Modischer Rock in Midi L\u00e4nge Pattentaschen an beiden Seiten Elastischer Bund Dekorative Teilungsn\u00e4hte Unser Modell ist 175 cm gro\u00df und tr\u00e4gt Gr\u00f6\u00dfe 1<\/p>\n","protected":false},"featured_media":58141,"comment_status":"closed","ping_status":"closed","template":"","meta":{"_acf_changed":false},"product_cat":[1045,1049],"product_tag":[],"class_list":{"0":"post-50509","1":"product","2":"type-product","3":"status-publish","4":"has-post-thumbnail","6":"product_cat-herbst-winter-2024","7":"product_cat-kleid-rock-herbst-winter-2024","9":"first","10":"outofstock","11":"taxable","12":"shipping-taxable","13":"purchasable","14":"product-type-variable","15":"wvs-archive-product-wrapper"},"acf":[],"_links":{"self":[{"href":"https:\/\/elemente-clemente.de\/en\/wp-json\/wp\/v2\/product\/50509","targetHints":{"allow":["GET"]}}],"collection":[{"href":"https:\/\/elemente-clemente.de\/en\/wp-json\/wp\/v2\/product"}],"about":[{"href":"https:\/\/elemente-clemente.de\/en\/wp-json\/wp\/v2\/types\/product"}],"replies":[{"embeddable":true,"href":"https:\/\/elemente-clemente.de\/en\/wp-json\/wp\/v2\/comments?post=50509"}],"wp:featuredmedia":[{"embeddable":true,"href":"https:\/\/elemente-clemente.de\/en\/wp-json\/wp\/v2\/media\/58141"}],"wp:attachment":[{"href":"https:\/\/elemente-clemente.de\/en\/wp-json\/wp\/v2\/media?parent=50509"}],"wp:term":[{"taxonomy":"product_cat","embeddable":true,"href":"https:\/\/elemente-clemente.de\/en\/wp-json\/wp\/v2\/product_cat?post=50509"},{"taxonomy":"product_tag","embeddable":true,"href":"https:\/\/elemente-clemente.de\/en\/wp-json\/wp\/v2\/product_tag?post=50509"}],"curies":[{"name":"wp","href":"https:\/\/api.w.org\/{rel}","templated":true}]}}

<p>Modischer Rock in Midi Länge</p>
<ul>
<li>Pattentaschen an beiden Seiten</li>
<li>Elastischer Bund</li>
<li>Dekorative Teilungsnähte</li>
<li>Unser Modell ist 175 cm groß und trägt Größe 1</li>
</ul>

<p>Modischer Rock in Midi Länge Pattentaschen an beiden Seiten Elastischer Bund Dekorative Teilungsnähte Unser Modell ist 175 cm groß und trägt Größe 1</p>
