{"id":38110,"date":"2023-09-26T09:20:55","date_gmt":"2023-09-26T07:20:55","guid":{"rendered":"https:\/\/elemente-clemente.de\/?post_type=product&#038;p=38110"},"modified":"2026-04-29T19:28:21","modified_gmt":"2026-04-29T17:28:21","slug":"c14g336114-jacket-naza","status":"publish","type":"product","link":"https:\/\/elemente-clemente.de\/en\/shop\/sale\/jacke-sale\/c14g336114-jacket-naza\/","title":{"rendered":"Jacke Naza aus 100 % Leinen"},"content":{"rendered":"<p>Kurze Jacke mit klassischem Reverskragen<\/p>\n<ul>\n<li>Aufgesetzten Klappentaschen<\/li>\n<li>Schlitz am \u00c4rmelsaum<\/li>\n<li>Unser Modell ist 175 cm gro\u00df und tr\u00e4gt Gr\u00f6\u00dfe 1<\/li>\n<\/ul>\n","protected":false},"excerpt":{"rendered":"<p>Kurze Jacke mit klassischem Reverskragen<\/p>\n","protected":false},"featured_media":57962,"comment_status":"closed","ping_status":"closed","template":"","meta":{"_acf_changed":false},"product_cat":[388,373],"product_tag":[],"class_list":{"0":"post-38110","1":"product","2":"type-product","3":"status-publish","4":"has-post-thumbnail","6":"product_cat-sale","7":"product_cat-jacke-sale","9":"first","10":"outofstock","11":"sale","12":"taxable","13":"shipping-taxable","14":"purchasable","15":"product-type-variable","16":"wvs-archive-product-wrapper"},"acf":[],"_links":{"self":[{"href":"https:\/\/elemente-clemente.de\/en\/wp-json\/wp\/v2\/product\/38110","targetHints":{"allow":["GET"]}}],"collection":[{"href":"https:\/\/elemente-clemente.de\/en\/wp-json\/wp\/v2\/product"}],"about":[{"href":"https:\/\/elemente-clemente.de\/en\/wp-json\/wp\/v2\/types\/product"}],"replies":[{"embeddable":true,"href":"https:\/\/elemente-clemente.de\/en\/wp-json\/wp\/v2\/comments?post=38110"}],"wp:featuredmedia":[{"embeddable":true,"href":"https:\/\/elemente-clemente.de\/en\/wp-json\/wp\/v2\/media\/57962"}],"wp:attachment":[{"href":"https:\/\/elemente-clemente.de\/en\/wp-json\/wp\/v2\/media?parent=38110"}],"wp:term":[{"taxonomy":"product_cat","embeddable":true,"href":"https:\/\/elemente-clemente.de\/en\/wp-json\/wp\/v2\/product_cat?post=38110"},{"taxonomy":"product_tag","embeddable":true,"href":"https:\/\/elemente-clemente.de\/en\/wp-json\/wp\/v2\/product_tag?post=38110"}],"curies":[{"name":"wp","href":"https:\/\/api.w.org\/{rel}","templated":true}]}}

<p>Kurze Jacke mit klassischem Reverskragen</p>
<ul>
<li>Aufgesetzten Klappentaschen</li>
<li>Schlitz am Ärmelsaum</li>
<li>Unser Modell ist 175 cm groß und trägt Größe 1</li>
</ul>
